{"id":285,"date":"2019-10-01T13:21:16","date_gmt":"2019-10-01T11:21:16","guid":{"rendered":"https:\/\/artigo.tkdemos.co\/?page_id=285"},"modified":"2024-09-23T10:59:23","modified_gmt":"2024-09-23T08:59:23","slug":"about","status":"publish","type":"page","link":"https:\/\/rachelaltabas.com\/index.php\/about\/","title":{"rendered":"About"},"content":{"rendered":"\n<div class=\"wp-block-columns has-2-columns\">\n<div class=\"wp-block-column\">\n<div class=\"wp-block-image\"><figure class=\"alignleft size-large is-resized\"><img loading=\"lazy\" src=\"http:\/\/rachelaltabas.com\/wp-content\/uploads\/2020\/09\/P1390318-1-576x1024.jpg\" alt=\"\" class=\"wp-image-492\" width=\"341\" height=\"545\"\/><figcaption><em>photography Claudine Ripoll<\/em><\/figcaption><\/figure><\/div>\n<\/div>\n\n\n\n<div class=\"wp-block-columns has-2-columns\">\n<div class=\"wp-block-column\" style=\"flex-basis:33.33%\"><\/div>\n\n\n\n<div class=\"wp-block-column\" style=\"flex-basis:66.66%\"><\/div>\n<\/div>\n\n\n\n<div class=\"wp-block-column\">\n<p class=\"has-text-align-left has-small-font-size\">Rachel Altabas est originaire du d\u00e9partement du Tarn dans le Sud-Ouest&nbsp;de la France.&nbsp;Un territoire proche de l&#8217;Espagne,&nbsp;terre nourrici\u00e8re de son \u00e9veil aux couleurs, \u00e0 la peinture, \u00e0 l&#8217;architecture et \u00e0 l&#8217;ornement.&nbsp;Les souvenirs de Picasso, Mir\u00f3&nbsp;ou Gaud\u00ed&nbsp;ont laiss\u00e9 en elle leur empreinte.&nbsp;Le dessin et la peinture sont ses m\u00e9diums d&#8217;expression depuis l&#8217;enfance. Curieuse et attentive \u00e0 son environnement, elle d\u00e9veloppe tr\u00e8s t\u00f4t une passion pour les objets, les textiles. Un int\u00e9r\u00eat qui la pousse \u00e0 s&#8217;orienter d\u00e8s l&#8217;\u00e2ge de 15 ans dans le domaine des Arts-appliqu\u00e9s, dans un premier temps \u00e0 Toulouse et par la suite \u00e0 Paris \u00e0 l&#8217;Ecole Duperr\u00e9.<\/p>\n\n\n\n<p class=\"has-text-align-left has-small-font-size\">Au sein de la section Design de mode et Mode et environnement, elle d\u00e9veloppe de concert une recherche plastique et appliqu\u00e9e au v\u00eatement.<\/p>\n\n\n\n<p class=\"has-small-font-size\">Elle s&#8217;\u00e9panouit dans plusieurs maisons de couture comme la Maison Martin Margiela, mais c&#8217;est au sein du d\u00e9partement soie de la Maison Christian Dior Couture qu&#8217;elle se sp\u00e9cialise dans la coloration et le dessin textile.<\/p>\n<\/div>\n<\/div>\n\n\n\n<div class=\"wp-block-columns has-2-columns\">\n<div class=\"wp-block-column\">\n<p class=\"has-small-font-size\">Elle d\u00e9cide en 2015 de monter son propre studio de cr\u00e9ation.<\/p>\n\n\n\n<p class=\"has-small-font-size\">Le figuratif et l&#8217;abstraction des formes se d\u00e9veloppent dans l&#8217;ensemble de son travail, mettant en exergue l&#8217;expression de la couleur.&nbsp;L&#8217;ornementation v\u00e9g\u00e9tale luxuriante aux graphismes sophistiqu\u00e9s rencontre&nbsp;des mises en sc\u00e8ne de d\u00e9cors g\u00e9om\u00e9triques \u00e0 la polychromie affirm\u00e9e, inspir\u00e9es des&nbsp;\u0153uvres puissantes d&#8217;Ettore Sottsass.<\/p>\n\n\n\n<p>&nbsp;<\/p>\n\n\n\n<p class=\"has-small-font-size\"><\/p>\n<\/div>\n\n\n\n<div class=\"wp-block-column\">\n<p class=\"has-small-font-size\">Son travail se caract\u00e9rise par une grande diversit\u00e9 de m\u00e9diums employ\u00e9s, la peinture, les crayons, la plume, les pastels, le textile ou encore la s\u00e9rigraphie. Une palette riche o\u00f9 le travail de la main est privil\u00e9gi\u00e9<\/p>\n\n\n\n<p class=\"has-small-font-size\">Elle&nbsp;multiplie&nbsp;aujourd&#8217;hui&nbsp;les collaborations dans le secteur de la mode et de la d\u00e9coration, en r\u00e9alisant des dessins notamment pour la Maison Christian Lacroix, Inou\u00eftoosh, Kilometre.paris, Coralie Marabelle, Yo2&#8230;<\/p>\n\n\n\n<p><\/p>\n\n\n\n<p class=\"has-small-font-size\"><\/p>\n\n\n\n<p><\/p>\n\n\n\n<p><\/p>\n<\/div>\n<\/div>\n\n\n\n<p class=\"has-small-font-size\"><\/p>\n","protected":false},"excerpt":{"rendered":"<p>Rachel Altabas est originaire du d\u00e9partement du Tarn dans le Sud-Ouest&nbsp;de la France.&nbsp;Un territoire proche de l&#8217;Espagne,&nbsp;terre nourrici\u00e8re de son \u00e9veil aux couleurs, \u00e0 la peinture, \u00e0 l&#8217;architecture et \u00e0 l&#8217;ornement.&nbsp;Les souvenirs de Picasso, Mir\u00f3&nbsp;ou Gaud\u00ed&nbsp;ont laiss\u00e9 en elle leur empreinte.&nbsp;Le dessin et la peinture sont ses m\u00e9diums d&#8217;expression depuis l&#8217;enfance. Curieuse et attentive \u00e0 [&hellip;]<\/p>\n","protected":false},"author":1,"featured_media":4966,"parent":0,"menu_order":0,"comment_status":"closed","ping_status":"closed","template":"","meta":{"spay_email":""},"_links":{"self":[{"href":"https:\/\/rachelaltabas.com\/index.php\/wp-json\/wp\/v2\/pages\/285"}],"collection":[{"href":"https:\/\/rachelaltabas.com\/index.php\/wp-json\/wp\/v2\/pages"}],"about":[{"href":"https:\/\/rachelaltabas.com\/index.php\/wp-json\/wp\/v2\/types\/page"}],"author":[{"embeddable":true,"href":"https:\/\/rachelaltabas.com\/index.php\/wp-json\/wp\/v2\/users\/1"}],"replies":[{"embeddable":true,"href":"https:\/\/rachelaltabas.com\/index.php\/wp-json\/wp\/v2\/comments?post=285"}],"version-history":[{"count":8,"href":"https:\/\/rachelaltabas.com\/index.php\/wp-json\/wp\/v2\/pages\/285\/revisions"}],"predecessor-version":[{"id":4989,"href":"https:\/\/rachelaltabas.com\/index.php\/wp-json\/wp\/v2\/pages\/285\/revisions\/4989"}],"wp:featuredmedia":[{"embeddable":true,"href":"https:\/\/rachelaltabas.com\/index.php\/wp-json\/wp\/v2\/media\/4966"}],"wp:attachment":[{"href":"https:\/\/rachelaltabas.com\/index.php\/wp-json\/wp\/v2\/media?parent=285"}],"curies":[{"name":"wp","href":"https:\/\/api.w.org\/{rel}","templated":true}]}}

<div class="wp-block-columns has-2-columns">
<div class="wp-block-column">
<div class="wp-block-image"><figure class="alignleft size-large is-resized"><img loading="lazy" src="http://rachelaltabas.com/wp-content/uploads/2020/09/P1390318-1-576x1024.jpg" alt="" class="wp-image-492" width="341" height="545"/><figcaption><em>photography Claudine Ripoll</em></figcaption></figure></div>
</div>



<div class="wp-block-columns has-2-columns">
<div class="wp-block-column" style="flex-basis:33.33%"></div>



<div class="wp-block-column" style="flex-basis:66.66%"></div>
</div>



<div class="wp-block-column">
<p class="has-text-align-left has-small-font-size">Rachel Altabas est originaire du département du Tarn dans le Sud-Ouest&nbsp;de la France.&nbsp;Un territoire proche de l&#8217;Espagne,&nbsp;terre nourricière de son éveil aux couleurs, à la peinture, à l&#8217;architecture et à l&#8217;ornement.&nbsp;Les souvenirs de Picasso, Miró&nbsp;ou Gaudí&nbsp;ont laissé en elle leur empreinte.&nbsp;Le dessin et la peinture sont ses médiums d&#8217;expression depuis l&#8217;enfance. Curieuse et attentive à son environnement, elle développe très tôt une passion pour les objets, les textiles. Un intérêt qui la pousse à s&#8217;orienter dès l&#8217;âge de 15 ans dans le domaine des Arts-appliqués, dans un premier temps à Toulouse et par la suite à Paris à l&#8217;Ecole Duperré.</p>



<p class="has-text-align-left has-small-font-size">Au sein de la section Design de mode et Mode et environnement, elle développe de concert une recherche plastique et appliquée au vêtement.</p>



<p class="has-small-font-size">Elle s&#8217;épanouit dans plusieurs maisons de couture comme la Maison Martin Margiela, mais c&#8217;est au sein du département soie de la Maison Christian Dior Couture qu&#8217;elle se spécialise dans la coloration et le dessin textile.</p>
</div>
</div>



<div class="wp-block-columns has-2-columns">
<div class="wp-block-column">
<p class="has-small-font-size">Elle décide en 2015 de monter son propre studio de création.</p>



<p class="has-small-font-size">Le figuratif et l&#8217;abstraction des formes se développent dans l&#8217;ensemble de son travail, mettant en exergue l&#8217;expression de la couleur.&nbsp;L&#8217;ornementation végétale luxuriante aux graphismes sophistiqués rencontre&nbsp;des mises en scène de décors géométriques à la polychromie affirmée, inspirées des&nbsp;œuvres puissantes d&#8217;Ettore Sottsass.</p>



<p>&nbsp;</p>



<p class="has-small-font-size"></p>
</div>



<div class="wp-block-column">
<p class="has-small-font-size">Son travail se caractérise par une grande diversité de médiums employés, la peinture, les crayons, la plume, les pastels, le textile ou encore la sérigraphie. Une palette riche où le travail de la main est privilégié</p>



<p class="has-small-font-size">Elle&nbsp;multiplie&nbsp;aujourd&#8217;hui&nbsp;les collaborations dans le secteur de la mode et de la décoration, en réalisant des dessins notamment pour la Maison Christian Lacroix, Inouïtoosh, Kilometre.paris, Coralie Marabelle, Yo2&#8230;</p>



<p></p>



<p class="has-small-font-size"></p>



<p></p>



<p></p>
</div>
</div>



<p class="has-small-font-size"></p>

<p>Rachel Altabas est originaire du département du Tarn dans le Sud-Ouest&nbsp;de la France.&nbsp;Un territoire proche de l&#8217;Espagne,&nbsp;terre nourricière de son éveil aux couleurs, à la peinture, à l&#8217;architecture et à l&#8217;ornement.&nbsp;Les souvenirs de Picasso, Miró&nbsp;ou Gaudí&nbsp;ont laissé en elle leur empreinte.&nbsp;Le dessin et la peinture sont ses médiums d&#8217;expression depuis l&#8217;enfance. Curieuse et attentive à [&hellip;]</p>
